y = 1 + -2. Give g(y).
5
Let p(v) be the third derivative of -v**5/120 - v**3/6 - 4*v**2. Let s(c) be the first derivative of p(c). Calculate s(-6).
6
Let n(w) = 4*w**3 + 0*w**2 - 3*w**3 + 8*w**2 - 2*w**2 + 7*w. Calculate n(-5).
-10
Let n(f) = -f**2 - 16*f - 24. Let y be n(-14). Let u(d) be the first derivative of 2*d**3/3 - 3*d**2 + 3*d - 1. Give u(y).
11
Let i(k) = 0*k + 13 - 7 + 2*k. Let y(s) = s**2 - 4*s - 5. Let b(f) = -f**2 + 6*f - 4. Let m be b(4). Let t be y(m). Determine i(t).
-4
Let v(p) = p - 3. Let y(l) = 11*l**3 - 3*l + 2. Let o be y(1). Calculate v(o).
7
Let r(z) = -z**3 + z - 1. Let d(h) = 5*h**3 + 3*h**2 - h + 8. Let g(x) = d(x) + 6*r(x). Suppose 2*u - 2 = -0*u. Suppose 3*a - u = 11. Calculate g(a).
6
Let x(b) = 3*b - 7. Let w(m) = -5*m + 11. Let i(o) = -5*w(o) - 8*x(o). Suppose -t - 3 = 2. What is i(t)?
-4
Let d(x) = -18*x**2 + x**3 + 8*x**2 + 10*x**2 + 2*x**2. What is d(-2)?
0
Suppose 7 + 32 = -2*m + 5*x, m + 22 = 3*x. Let y(v) be the third derivative of v**4/24 + v**3/6 + v**2. What is y(m)?
-6
Let v be (-130)/14 + (-4)/(-14). Let f be 8 + v - 2*2. Let b(q) = -q**3 - 5*q**2 + 2*q + 2. Calculate b(f).
-8
Let w(r) = r - 1. Suppose -2*q - a = -130, a - 319 = -5*q - 0*a. Suppose -6*h - 21 = -q. Calculate w(h).
6
Let a be -6 + 9 - -8*1. Let k(u) = -u**2 + 12*u - 16. Give k(a).
-5
Let q be (-10)/4 + 2/(-4). Let f(o) = -5 + 3 - 7 + o + o. Let v(t) = -t + 1. Let i(j) = f(j) + 5*v(j). Give i(q).
5
Let h(z) = 9*z**2 + 1. Let s = 29 - 28. What is h(s)?
10
Suppose -3*r + 14 = -1. Let o(f) = -f**3 + 4*f**2 + 6*f + 5. Calculate o(r).
10
Let z(x) be the first derivative of 2 - 1/2*x**2 + 11*x. Calculate z(0).
11
Let s(r) = -7*r**3 + r**2 - 10*r + 4. Let m(n) = -6*n**3 - 9*n + 4. Let z(b) = -6*m(b) + 5*s(b). Give z(-4).
-4
Let o(a) = 2 + 0*a - a + a**2 + 1. Suppose 2*c - 3*n + 3 = -0*c, 18 = 2*c + 4*n. Give o(c).
9
Let l be (-2)/(-3) + -6 + (-48)/(-9). Let y(i) = i**3 + i**2 + 5. Determine y(l).
5
Let l be (-6)/(-18)*6*1. Let w(b) be the first derivative of 0*b**2 - l + 2*b - 1/3*b**3. Determine w(-2).
-2
Let j(i) = i + 8. Suppose 11*v = 3*v - 64. What is j(v)?
0
Let k(d) = d**2 - 8*d - 1. Let x be k(9). Let i = x + -14. Let m(h) = -h**3 - 6*h**2 - 2*h - 6. What is m(i)?
6
Let y(m) = m + m - m + 0. Suppose 0 = -z + 3*z + 10. Determine y(z).
-5
Let p(w) = -w**3 + 4*w**2 - 4*w + 4. Suppose 4*o = -0*o - 3*f + 13, -5*f + 3 = 2*o. Suppose o*k = -13 + 49. Let z(y) = -y + 12. Let d be z(k). Determine p(d).
1
Let k be (0 + 2 + -1)*2. Let c be ((-12)/k)/(6/4). Let w(z) = z - 1. Let p(r) = -r + 2. Let g(f) = 2*p(f) + 3*w(f). Determine g(c).
-3
Let m(a) = -13*a**3 - 12*a**2 + 3*a + 1. Let g(i) = 7*i**3 + 6*i**2 - i - 1. Let x(p) = 11*g(p) + 6*m(p). Give x(-7).
-5
Let a(b) be the second derivative of -2*b**3 + b**2 + b. Let k(p) = -p. Let f(d) = -a(d) + 3*k(d). Determine f(2).
16
Let p(n) be the second derivative of n**5/20 - 7*n**4/12 + n**3/6 - 3*n**2/2 - 18*n. Give p(7).
4
Let s(z) be the second derivative of -2*z**3/3 - z**2/2 + 4*z. Let q(v) = 21*v + 6. Let u(l) = 2*q(l) + 11*s(l). Calculate u(-2).
5
Let z(j) = 9*j + 2. Let c(n) = -343*n - 77. Let m(w) = -2*c(w) - 77*z(w). What is m(1)?
-7
Let o be (-5)/(-5)*(1 - 5). Let l(p) = -1. Let d(b) = -b + 9. Let j(a) = d(a) + 4*l(a). What is j(o)?
9
Let g(x) = -6 + 4 + 4*x - 11*x. Give g(-2).
12
Suppose 0*g + 8 = 4*g. Let s(q) = 0*q + g*q + q**2 - 3*q - 3. Give s(3).
3
Suppose -3*s = s + 4*w, 3*s + w + 6 = 0. Let m = s - 3. Let d = -4 - m. Let l(g) = -g**3 - g**2 + 3*g - 2. Calculate l(d).
-8
Let b(v) = -v**2. Let i(k) be the first derivative of -5*k**3/3 + 3*k**2 + 5*k + 10. Let p(l) = -4*b(l) + i(l). Calculate p(5).
10
Let r be (-2)/7 + 30/7. Let k(x) = -r*x - x**2 + 4*x. Let y be k(-2). Let f(m) = -3*m - 5. Calculate f(y).
7
Let s(f) = -3*f**3 - 9*f**2 + 8*f - 10. Let o(v) = -8*v**3 - 26*v**2 + 23*v - 29. Let r(a) = 4*o(a) - 11*s(a). What is r(4)?
-6
Let i(w) be the second derivative of -w**5/20 - w**2/2 - 49*w. Give i(1).
-2
Let u(f) = -f**3 + 12*f**2 - 10*f - 12. Let w(d) = -5*d - 34. Let l be w(-9). What is u(l)?
-1
Let l = 4 + -4. Suppose 0 = 5*a + m - 24, -5*a + 4*m - 1 + 5 = l. Let z(o) = 4*o - 4*o - 3 - o**2 - a*o. Give z(-3).
0
Let a(m) = 5*m**3 - 9*m**2 - 9*m - 9. Let t(r) = r**3 - r**2 - r - 1. Let i(j) = -a(j) + 6*t(j). Let k be -1 - (-4)/(-3) - 2/3. What is i(k)?
-6
Let i(g) = g**2. Let b(k) = -6*k**2 + 3 - k**2 - 5*k + 7*k. Let t(u) = -b(u) - 6*i(u). Determine t(3).
0
Let d = -12 - -9. Let a(m) = -m**2 - 4*m + 2. What is a(d)?
5
Let q(w) = -2*w - 1 + 0*w - w - 3*w - w**2. Suppose 30 = g - 6*g. Determine q(g).
-1
Let k(x) = 3*x**2 + 6*x + 4. Let y(q) = -13*q**2 - 25*q - 15. Let p(o) = 9*k(o) + 2*y(o). Suppose -s = 3*w + 10, 0*w + w - s = -6. Calculate p(w).
6
Let g(b) = -b + 1. Suppose 0 = 6*r - 2*r. What is g(r)?
1
Let a = -18 - -12. Let i(j) = j**2 + 6*j - 5. Determine i(a).
-5
Let j = 3 + 2. Suppose r = 2*p + 4, j*p = 2*r - 8 - 3. Let l(h) = 2*h + 1 - 6*h + 3*h + h**2. Determine l(r).
7
Suppose 0 = -2*o, 0*l - 4*l + 5*o = -4. Suppose -5 = h - l. Let t(p) = -p**3 - 5*p**2 - 4*p + 4. Determine t(h).
4
Let n(w) = 4*w**2 - 2*w + 1. Let m(z) = -3*z**2 + 2*z - 1. Let u(a) = -5*m(a) - 4*n(a). Suppose 0 = -0*f - 2*f. Suppose -2*x - 3*x + 10 = f. Calculate u(x).
-7
Let y be 43/(-27)*-3 - (-4)/18. Let u(p) = p**3 - 6*p**2 + 5*p + 6. Give u(y).
6
Let y(i) = 6*i - 7 + i**2 + 2 + 4. Calculate y(-6).
-1
Let u(f) = 3*f**3 + 5*f**2 + 2*f - 1. Let o(l) = l**3 + l + 1. Let z(k) = 4*o(k) - u(k). What is z(5)?
15
Let j(l) = -l**2 - 6*l - 5. Let k(c) = -c**3 + 7*c**2 - 6*c + 5. Let p be k(6). Let z(i) = -p*i - i + i. Let v be z(1). What is j(v)?
0
Let m(i) = -i + 8. Let n be m(2). Let f(j) = -j**2 + 5*j + 3. Determine f(n).
-3
Let j(r) be the third derivative of -r**5/60 - r**4/6 - 2*r**3/3 - 34*r**2. Give j(-3).
-1
Let w(u) = u**3 + 4*u**2 - 2*u + 3. Suppose 0*q + 4*q + 12 = -4*n, -5*n + 25 = 0. Let s = q + 4. Give w(s).
11
Let s(b) be the third derivative of b**5/60 - b**4/3 + 2*b**3/3 + 2*b**2. Calculate s(5).
-11
Let v(w) be the third derivative of -w**4/24 + w**3/2 - 7*w**2. What is v(0)?
3
Let b(a) = a + 5. Let w(z) = 5*z**3 - 24*z**2 - 3*z - 20. Let q(p) = -2*p**3 + 8*p**2 + p + 7. Let x(i) = -8*q(i) - 3*w(i). Let n be x(-8). Give b(n).
1
Let d be (-12)/(-18) + (-20)/(-6). Let r be d/(-6) - (-2)/3. Let t(g) be the second derivative of -g**5/20 + g**4/12 - g**3/6 - 4*g**2 + 2*g. Determine t(r).
-8
Let c(b) = 6*b**2 - 6 + 16*b**3 - 11*b**3 - 4*b**3. Calculate c(-6).
-6
Let m(y) = y + 10. Let o(u) = 1. Let h be -3 + -3 + 1 + -1. Let w(x) = h*o(x) + m(x). What is w(5)?
9
Suppose 3 + 1 = 2*y. Let o(j) = j - 3 - 2*j**2 + j + y. Determine o(3).
-13
Let h(g) be the first derivative of -g**3 + 4 + 1/4*g**4 + 4*g + 0*g**2. Determine h(3).
4
Let r(g) be the first derivative of -g**3/3 - 5*g**2/2 - 4*g - 1. What is r(-4)?
0
Let r be (-2 + 6)*(-3)/4. Let z(n) = -10*n + 4. Let w(s) = -9*s + 4. Let m(k) = -3*w(k) + 2*z(k). Let p(b) = -b + 1. Let f(u) = -m(u) - 6*p(u). Determine f(r).
1
Let d(j) = -j + 4. Suppose -9 = -3*k - 3. Let x(y) = 1. Let w(h) = h**2 - 7*h - 1. Let a be w(6). Let g(l) = a*x(l) + k*d(l). What is g(-4)?
9
Let c(w) = w**3 - 6*w**2 - 3. Let g be ((-32)/40)/((-1)/5). Suppose -o = g - 10. Give c(o).
-3
Let j(y) = y**3 - y**2 - y - 1. Let u = -9 + 11. Calculate j(u).
1
Let s(a) = -a - 13. Let q(d) = d**3 - 10*d**2 + 6. Let f be q(10). Suppose -l + f*l + 30 = 0. Calculate s(l).
-7
Let d(c) = 8*c + 1 - c**2 + 3 - 5*c + 2*c**2. Determine d(-3).
4
Let u(x) be the second derivative of x**5/20 + x**4/2 + 7*x**3/6 + x**2/2 + 18*x. Give u(-5).
-9
Let c(n) = n**2 + 1. Suppose 4*k = k - 6. Let m be (0 - 0)*(-1 - k). What is c(m)?
1
Let s = 5 - 4. Suppose 0 = 2*d - y - 3, -y = -3*y - 2. Let f(k) = d + 0 + 6 - 2*k - s. What is f(5)?
-4
Let p(j) = 12*j + 7 + 6*j**2 - 5*j**2 - 7*j. Determine p(-5).
7
Let l(v) be the third derivative of -v**7/560 + v**6/720 - v**5/60 + 7*v**2. Let i(a) be the third derivative of l(a). Determine i(1).
-8
Let k(j) be the third derivative of -j**5/10 - j**3/6 + 24*j**2. What is k(-1)?
-7
Let k = -16 - -20. Suppose 5*v - k*c - 18 = 0, 4*c - 42 = -5*v - 0*c. Let j(q) = 2*q - 8. What is j(v)?
4
Let d be 3 - 1 - 478/240. Let g(i) be the third derivative of d*i**6 + 1/4*i**4 - 1/6*i**